s of 9469?
17, 557
List the prime factors of 71447.
37, 1931
What are the prime factors of 24?
2, 3
List the prime factors of 49236.
2, 3, 11, 373
List the prime factors of 7436.
2, 11, 13
List the prime factors of 30415.
5, 7, 11, 79
What are the prime factors of 29489?
37, 797
List the prime factors of 12298.
2, 11, 13, 43
What are the prime factors of 90982?
2, 45491
What are the prime factors of 3671?
3671
What are the prime factors of 64?
2
List the prime factors of 13695.
3, 5, 11, 83
What are the prime factors of 149854?
2, 31, 2417
What are the prime factors of 1676?
2, 419
List the prime factors of 821.
821
List the prime factors of 13574.
2, 11, 617
List the prime factors of 712.
2, 89
What are the prime factors of 9858?
2, 3, 31, 53
What are the prime factors of 784?
2, 7
List the prime factors of 1678.
2, 839
List the prime factors of 1347.
3, 449
List the prime factors of 65974.
2, 32987
What are the prime factors of 9735?
3, 5, 11, 59
List the prime factors of 506.
2, 11, 23
What are the prime factors of 6246?
2, 3, 347
What are the prime factors of 1011?
3, 337
What are the prime factors of 131439?
3, 7, 11, 569
What are the prime factors of 4757?
67, 71
List the prime factors of 50636.
2, 12659
List the prime factors of 172.
2, 43
What are the prime factors of 1472?
2, 23
List the prime factors of 2585.
5, 11, 47
What are the prime factors of 1240?
2, 5, 31
What are the prime factors of 7177?
7177
What are the prime factors of 616?
2, 7, 11
What are the prime factors of 2911?
41, 71
List the prime factors of 5355.
3, 5, 7, 17
List the prime factors of 1385.
5, 277
List the prime factors of 1238.
2, 619
List the prime factors of 474.
2, 3, 79
List the prime factors of 11116.
2, 7, 397
What are the prime factors of 56274?
2, 3, 83, 113
List the prime factors of 2855.
5, 571
List the prime factors of 2905.
5, 7, 83
What are the prime factors of 32731?
71, 461
What are the prime factors of 511?
7, 73
What are the prime factors of 481?
13, 37
What are the prime factors of 24795?
3, 5, 19, 29
What are the prime factors of 904?
2, 113
What are the prime factors of 39898?
2, 19949
List the prime factors of 42518.
2, 7, 3037
What are the prime factors of 147358?
2, 73679
What are the prime factors of 3672?
2, 3, 17
List the prime factors of 629.
17, 37
What are the prime factors of 13439?
89, 151
List the prime factors of 82871.
79, 1049
What are the prime factors of 12098?
2, 23, 263
What are the prime factors of 1245?
3, 5, 83
List the prime factors of 133.
7, 19
What are the prime factors of 952?
2, 7, 17
What are the prime factors of 220?
2, 5, 11
List the prime factors of 127424.
2, 11, 181
List the prime factors of 113.
113
What are the prime factors of 22077?
3, 11, 223
What are the prime factors of 82146?
2, 3, 13691
List the prime factors of 2623.
43, 61
What are the prime factors of 1175?
5, 47
What are the prime factors of 198609?
3, 239, 277
What are the prime factors of 1164?
2, 3, 97
List the prime factors of 1954.
2, 977
What are the prime factors of 1234?
2, 617
List the prime factors of 965.
5, 193
List the prime factors of 943.
23, 41
List the prime factors of 24770.
2, 5, 2477
List the prime factors of 5072.
2, 317
What are the prime factors of 3787?
7, 541
What are the prime factors of 3974?
2, 1987
What are the prime factors of 573?
3, 191
What are the prime factors of 4149?
3, 461
List the prime factors of 147165.
3, 5, 9811
What are the prime factors of 91445?
5, 18289
What are the prime factors of 87277?
87277
List the prime factors of 162.
2, 3
What are the prime factors of 10268?
2, 17, 151
What are the prime factors of 1785?
3, 5, 7, 17
What are the prime factors of 21011?
21011
List the prime factors of 101705.
5, 20341
What are the prime factors of 12110?
2, 5, 7, 173
List the prime factors of 11025.
3, 5, 7
What are the prime factors of 21769?
11, 1979
What are the prime factors of 7779?
3, 2593
What are the prime factors of 17815?
5, 7, 509
What are the prime factors of 992?
2, 31
What are the prime factors of 107852?
2, 59, 457
What are the prime factors of 132217?
109, 1213
List the prime factors of 1734.
2, 3, 17
What are the prime factors of 15220?
2, 5, 761
What are the prime factors of 94?
2, 47
List the prime factors of 42391.
42391
List the prime factors of 1223.
1223
What are the prime factors of 3223?
11, 293
What are the prime factors of 6050?
2, 5, 11
What are the prime factors of 26166?
2, 3, 7, 89
List the prime factors of 933.
3, 311
List the prime factors of 11444.
2, 2861
What are the prime factors of 39789?
3, 4421
What are the prime factors of 22389?
3, 17, 439
List the prime factors of 12105.
3, 5, 269
What are the prime factors of 1042?
2, 521
What are the prime factors of 6274?
2, 3137
What are the prime factors of 3382?
2, 19, 89
What are the prime factors of 3663?
3, 11, 37
What are the prime factors of 717?
3, 239
List the prime factors of 26386.
2, 79, 167
What are the prime factors of 281?
281
List the prime factors of 36652.
2, 7, 11, 17
What are the prime factors of 12927?
3, 31, 139
List the prime factors of 14234.
2, 11, 647
What are the prime factors of 2338?
2, 7, 167
List the prime factors of 192.
2, 3
What are the prime factors of 6737?
6737
List the prime factors of 2983.
19, 157
What are the prime factors of 2482?
2, 17, 73
List the prime factors of 922.
2, 461
What are the prime factors of 141055?
5, 28211
List the prime factors of 13733.
31, 443
List the prime factors of 68308.
2, 17077
What are the prime factors of 31940?
2, 5, 1597
List the prime factors of 2377.
2377
List the prime factors of 7945.
5, 7, 227
What are the prime factors of 5438?
2, 2719
List the prime factors of 17659.
17659
What are the prime factors of 2786?
2, 7, 199
What are the prime factors of 14400?
2, 3, 5
What are the prime factors of 1079?
13, 83
What are the prime factors of 4957?
4957
List the prime factors of 15237.
3, 1693
What are the prime factors of 119157?
3, 39719
List the prime factors of 11.
11
What are the prime factors of 1000?
2, 5
List the prime factors of 15172.
2, 3793
What are the prime factors of 56?
2, 7
What are the prime factors of 2326?
2, 1163
What are the prime factors of 1777?
1777
List the prime factors of 26654.
2, 13327
What are the prime factors of 111600?
2, 3, 5, 31
What are the prime factors of 4368?
2, 3, 7, 13
What are the prime factors of 1847?
1847
List the prime factors of 30866.
2, 11, 23, 61
What are the prime factors of 12467?
7, 13, 137
List the prime factors of 2266.
2, 11, 103
List the prime factors of 23722.
2, 29, 409
List the prime factors of 26530.
2, 5, 7, 379
What are the prime factors of 6556?
2, 11, 149
What are the prime factors of 3224?
2, 13, 31
What are the prime factors of 389?
389
List the prime factors of 29941.
79, 379
What are the prime factors of 497?
7, 71
What are the prime factors of 3306?
2, 3, 19, 29
What are the prime factors of 43668?
2, 3, 1213
What are the prime factors of 192040?
2, 5, 4801
List the prime factors of 2371.
2371
What are the prime factors of 27950?
2, 5, 13, 43
List the prime factors of 10851.
3, 3617
List the prime factors of 101167.
11, 17, 541
List the prime factors of 3772.
2, 23, 41
List the prime factors of 1408.
2, 11
What are the prime factors of 29554?
2, 7, 2111
What are the prime factors of 4712?
2, 19, 31
What are the prime factors of 1231?
1231
What are the prime factors of 10605?
3, 5, 7, 101
List the prime factors of 9969.
3, 3323
List the prime factors of 4815.
3, 5, 107
What are the prime factors of 1324?
2, 331
What are the prime factors of 18907?
7, 37, 73
What are the prime factors of 49851?
3, 29, 191
What are the prime factors of 40686?
2, 3, 6781
What are the prime factors of 24481?
24481
What are the prime factors of 7323?
3, 2441
List the prime factors of 39286.
2, 13, 1511
List the prime factors of 1331.
11
What are the prime factors of 1108?
2, 277
What are the prime factors of 1579?
1579
What are the prime factors of 11484?
2, 3, 11, 29
What are the prime factors of 1391?
13, 107
List the prime factors of 13287.
3, 43, 103
List the prime factors of 23597.
7, 3371
What are the prime factors of 2704?
2, 13
What are the prime factors of 7314?
2, 3, 23, 53
List the prime facto